etermine n(w).
-4
Let s(r) = -r**3 - 9*r**2 + 2*r + 13. Let v be s(-9). Let u(z) be the second derivative of 0 + 2*z + 1/2*z**2 - 1/3*z**3. Determine u(v).
11
Suppose 3*h = -14 + 23. Let s(n) = n**2 - h*n**2 + 2*n**2 + n**2. Determine s(-3).
9
Let y(o) be the third derivative of o**5/60 + 7*o**4/24 - o**3/6 + 16*o**2. Calculate y(-5).
-11
Let n(r) = r**3 - r**2. Let u(q) = 4*q**3 + 4*q**2 + 7*q + 2. Let a(s) = 3*n(s) - u(s). Give a(-6).
4
Suppose -4*b = 5*s - 13, -19 = -2*s - b + 4*b. Let r(y) = 2 + 3 + 2*y - 3 - 8. What is r(s)?
4
Let b = 1 - 1. Suppose b*k = -3*k - 15. Let o(r) = -r + 1. Let x(z) = z - 7. Let w(d) = -2*o(d) - x(d). What is w(k)?
0
Let c(b) = -8*b - 14*b**2 - 8 + 19*b**2 - b**3 - 12*b**2. Determine c(-6).
4
Let i(j) = -3*j + j + 3*j. What is i(-4)?
-4
Let m be ((-5)/(-2))/(1/2). Let j be 2*(2 + 5/(-2)). Let i be -1 - j - (-5 + m). Let z(g) = g - 4. Determine z(i).
-4
Let b(m) be the first derivative of -1 + 1/4*m**4 - 7*m + 5/3*m**3 - 3/2*m**2. Suppose 21 = -3*x + 6. Give b(x).
8
Let n(b) = 2*b**3 + 3*b**2 + b + 1. Let f be n(-2). Let v = 30 - 20. Let h(o) = 3 + v*o + 0*o**3 + 6*o**2 - 3*o + o**3. What is h(f)?
-7
Let n be (-10)/(2/3*-3). Let o(k) = -k**2 + 9*k + 1. Let z(v) = -v**2 + 8*v. Let c(d) = n*z(d) - 4*o(d). Determine c(5).
-9
Suppose 5*z = 25 + 5. Let n(a) = a - 2. Let c be n(z). Let i(k) = k**2 - 7*k. Let j(u) = u + 1. Let p(f) = i(f) + 2*j(f). Determine p(c).
-2
Suppose -x + 3*x - 4 = 0. Let q(f) = 3 + f - f + 2*f + x. What is q(-4)?
-3
Suppose 0*h - 3*h = -5*w - 20, 22 = 3*w + 5*h. Let b(n) = -3*n**2 - n. Determine b(w).
-2
Let g be 1/2 - (-27)/(-18). Let b(m) = -m**3 - m**2. Give b(g).
0
Let j be 1*-10*-3*(-16)/(-60). Let d(x) = x**2 - 8*x + 1. Give d(j).
1
Let z(p) = p**2 - p. Let y(l) = 3*l**2 - 11*l - 8. Let j(r) = -y(r) + 2*z(r). Determine j(9).
8
Let o(d) = d - 6. Let j(u) = u - 6. Let m(s) = -6*j(s) + 5*o(s). Let p be m(6). Let t(y) = -y**3 + y**2 + y - 8. Calculate t(p).
-8
Let f(a) = -a**2 + 5*a + 3. Suppose 12 = -3*h, 4*w - 4*h = h - 80. Let n = -17 - w. Let j be (n + -7)/((-2)/(-6)). Determine f(j).
9
Suppose -3*g = -17 + 5. Let y(f) = 0 + 2 - g*f - 5 - f**3 + 6*f**2. Let m = 11 + -6. Determine y(m).
2
Let g(a) = -4*a + 6*a - a - 4. Determine g(6).
2
Suppose 4*o - 17 + 1 = 0. Suppose 0 = -0*g + o*g. Let v be (g + 3/6)*0. Let l(d) = d**3 - d**2 - d - 8. Calculate l(v).
-8
Let g(s) = s**2 + 12*s + 15. Let c be g(-10). Let v(a) = -3*a - 2. Let y(h) = 2*h + 1. Let m(f) = c*y(f) - 3*v(f). Determine m(2).
-1
Let j be ((-110)/15)/((-1)/3). Suppose 2*o - 4*o + j = 0. Let c(f) = -f**2 - 1 + 1 + 5*f - 4 - o*f. Give c(-3).
5
Suppose 0*l = -2*l - 10. Let y(r) = -2*r**2 + 2*r**2 + 5 - r**3 - r**2 - 5*r. Let q(d) = -d**3 - 2*d**2 - 4*d + 4. Let p(a) = 4*q(a) - 3*y(a). Give p(l).
6
Let b(f) = f**3 - f**2 - 2*f - 1. Let l be b(-1). Let m be (-2 - -5)*l - 2. Let s(q) be the first derivative of q**2/2 + 3*q + 3. Determine s(m).
-2
Let n(h) = -h**2 - 12*h - 15. Suppose -3*w - 12 = 0, 4*g + 2*w = -25 - 23. Determine n(g).
5
Let c(y) = 2*y. Let p be c(1). Let o(a) = 2 + 5*a**2 + 3*a + 2*a**3 + a - a**p. Determine o(-2).
-6
Let a(b) = 0*b + 2*b + 5*b**3 - 3*b - 3*b**3. Determine a(1).
1
Let a(k) = -12*k**2 + k - 1. Let t(w) = 2*w - 21. Let d be t(11). Give a(d).
-12
Let x(k) = -14*k**3 - 21*k**2 + 8*k + 2. Let j(p) = -5*p**3 - 7*p**2 + 3*p + 1. Let n(g) = -11*j(g) + 4*x(g). Let v be n(-7). Let w(t) = -t + 1. Calculate w(v).
-3
Let m(y) = y**2 - 4*y - 3. Let v(l) = -l**3 - l**2 - l - 1. Let p(b) = -m(b) + v(b). Let w be (5 + -2)/(-1) - -1. Give p(w).
-4
Let f(o) be the third derivative of o**4/12 - o**3/6 + 4*o**2. Calculate f(-2).
-5
Let j(w) = -w - 2. Suppose g + 48 = -5*g. Determine j(g).
6
Let x(g) = -g**2 - 2*g + 4 - g**3 + 2 + 6*g**2. Suppose 0 = -f + 3*b - 2, 0 = 5*f + 5*b - b - 66. Suppose -3*c = -c - f. Calculate x(c).
-4
Let n(j) = -j - 7. Let c be 10*1/(10/4). Suppose -c*d = -8*d + 84. Suppose 0 = -5*x - 4*r - 42, 10*r = -x + 5*r - d. What is n(x)?
-1
Let l(x) = 2*x - x - 4*x**2 + 12*x**3 - 11*x**3. Determine l(3).
-6
Suppose -5 = -4*g + 15. Let i(y) be the third derivative of -1/2*y**3 + 1/60*y**g + 1/8*y**4 + 0 + 0*y - 2*y**2. Determine i(-3).
-3
Let a(t) = -t + 2. Let m(r) = -2*r**2 + 3 + 2*r + 3*r**2 + 0*r. Let x be m(-2). Suppose 2*j + 2 = -x*b, -5*b + 0 = 2*j - 2. Calculate a(b).
0
Let v(u) be the third derivative of -u**4/24 - 5*u**3/6 - 6*u**2. Give v(-5).
0
Let l(a) be the first derivative of a**2/2 + 12*a - 36. Determine l(-9).
3
Suppose -x - 27 = -5*j, -2*x - 14 = -5*j + 20. Let c = -7 - x. Let y(b) = b - 6. Calculate y(c).
-6
Let d be -3 - -1*8*1. Suppose 2*r = d*y + 10, -2*r - 7 = 3*y - 1. Let s(j) = r*j - 2*j - 2 + 4*j - j. What is s(1)?
-1
Let j(z) = -z - 6. Let m = 16 + -10. Suppose m = -y + 4*a, 0 = 4*y - 0*a + 3*a - 52. Suppose -3*d - y = 2. Give j(d).
-2
Suppose g + 2*h = -0*g - 2, -3*g + 5*h + 27 = 0. Suppose 0*z - g*z = -8. Let x(o) be the third derivative of o**5/60 - o**3/6 + o**2. Give x(z).
3
Suppose 3*x = -0*x - 3*w - 3, x = 5*w + 5. Suppose 2*o - 5*o - r - 7 = 0, 4*r + 4 = x. Let p = o - 0. Let c(d) = -2*d**2 + d - 1. Give c(p).
-11
Let j(z) = -4*z**2 - 6*z - 4. Let n(q) = -3*q**2 - 5*q - 3. Let i(s) = 4*j(s) - 5*n(s). Calculate i(1).
-1
Let i = -2 + 7. Let o be -1 - (i + -3 + 2). Let b(t) = -t**3 - 4*t**2 + 3*t - 6. Calculate b(o).
4
Let m(o) = 3*o**2 + 4*o - 5. Let u(k) = -7*k**2 - 9*k + 11. Let x(f) = -9*m(f) - 4*u(f). Let w be x(1). Let g(i) = -i + 1. Determine g(w).
-1
Let a(r) = -11*r - 1. Let w = 15 + -14. Determine a(w).
-12
Let f(o) = -o**3 - o**2 - o + 6. Suppose 5*k = 7*k + 6. Let z(y) = -2*y - 6. Let s be z(k). Give f(s).
6
Let r be ((-8)/10)/((-6)/(-15)). Let a(j) = j**3 - 3*j**2 - 3*j + 2. Let q(y) = 5*y**3 - 12*y**2 - 13*y + 8. Let f(l) = 9*a(l) - 2*q(l). Calculate f(r).
0
Let d(w) = 8*w + 17 - 8 + w**2 + 0*w**2. Calculate d(-6).
-3
Let c(g) = 0*g**2 + 4 + 5 - 3 - 6*g**2 + 8*g. Let i(l) = 7*l**2 - 9*l - 6. Let s(v) = -6*c(v) - 5*i(v). Determine s(5).
4
Let v = -1 + 1. Let s be 5*(0 + 6/10). Let i(a) = 7*a - s*a - 10 + a**2 - 3*a. What is i(v)?
-10
Let k(q) = q**3 - 7*q**2 + 5*q + 2. Let x be 3/2*8/6. Let s be (x/5)/((-3)/(-45)). Calculate k(s).
-4
Let y(t) be the third derivative of -t**6/720 - t**4/8 + 2*t**2. Let o(w) be the second derivative of y(w). What is o(0)?
0
Suppose -8 = 3*d + 10. Let l(t) = -3*t**3 + 12*t**2 + 3*t + 3. Let p(v) = -v**3 + 6*v**2 + v + 1. Let x(i) = -2*l(i) + 5*p(i). Calculate x(d).
5
Let f = 11 + -13. Let l = f - -1. Let p(s) = -6*s + 1. Give p(l).
7
Let c(z) = z**3 - 4*z**2 + z + 1. Suppose -j = -2*k + k - 1, j + 7 = -3*k. Let x be (-1)/(j - (-1)/2). Give c(x).
-5
Let d(x) be the first derivative of -x**4/4 + 5*x**3/3 + 2*x + 14. What is d(5)?
2
Suppose -5*n - 11*n = 0. Let b(r) be the second derivative of -1/2*r**2 + n - r + 1/6*r**3. What is b(-6)?
-7
Let z(i) = 34 - 4*i**2 + 34 - 69 - i + 3*i**2. Let x be (-66)/(-15) + 2/(-5). Suppose 2*g - 3 + 32 = -5*c, -24 = 2*g + x*c. What is z(g)?
-3
Let d(n) = -n**3 - 7*n**2 - 2*n - 15. Let y be d(-7). Let v(m) = 3*m**2. Calculate v(y).
3
Let x(q) = q**2 - q. Let a(w) = w**2 + 4*w + 2. Let c(m) = a(m) - 2*x(m). Let i be -7 + 6 - (1 - 9). Give c(i).
-5
Let s(d) = d**3 + d**2. Let j(f) be the first derivative of 7*f**4/4 + 11*f**3/3 + 3*f**2/2 + 6*f - 1. Let p(l) = -j(l) + 6*s(l). What is p(-4)?
-10
Suppose -3 = -4*k - 11. Let n(i) = 4*i**3 + i + 6. Let d(j) = -j**3 + j**2 + j - 1. Let y(p) = 3*d(p) + n(p). Determine y(k).
-1
Let a(l) = l**3 + 6*l**2 + 7*l + 1. Let i = -3 - 2. Determine a(i).
-9
Let w(u) be the third derivative of u**6/120 + u**5/12 - u**4/24 - 8*u**2. What is w(-5)?
5
Let v = 56 - 61. Let g(y) = -y**2 - y + 6. Give g(v).
-14
Let s(o) = -2*o**2 + 2*o + 2. Let b be s(2). Let i be 3*(b - 21/(-9)). Let c(g) be the third derivative of -g**4/24 + g**2. Determine c(i).
-1
Let l(g) = -g**3 - 7*g**2 - 7*g + 1. Let u(t) = -t**3 + 9*t**2 - t + 3. Let d be u(9). Determine l(d).
7
Let c(v) = -3*v**2 - v**3 + 7*v**2 + 7*v + 2*v**2 - 2*v**2 - 3. Calculate c(5).
7
Let a(y) = 3*y**2 + 7*y + 12. Let d(i) = -2*i**2 - 4*i - 6. Let p(w) = 3*a(w) + 5*d(w). Give p(0).
6
Let l(r) = 4*r**2 + 2*r - 2. Let m = 6 + -4. Suppose 5*x + 9 = m*x, -5*k + 15 = -5*x. Let s(q) = -q**3 + q - 2. Let a be s(k). Determine